rime?
True
Let g(m) = 178*m**3 - 2*m**2 + 123*m - 187. Is g(12) prime?
False
Let f(a) = -266*a**3 + 10*a**2 - a - 6. Is f(-11) composite?
False
Let c be ((-1584)/(-56))/((-6)/(-5740)). Let f = c - 13973. Is f composite?
True
Let h(m) = -39*m - 109. Let x be h(-22). Let w = 1472 - x. Is w prime?
False
Let a = -44 + 48. Suppose 5*h + n + 11 = 35, a*n = 3*h - 19. Suppose 5*m + h*y - 3338 = 3592, 0 = -4*m - 2*y + 5534. Is m a composite number?
False
Let l(d) = -267*d - 2431. Is l(-26) prime?
False
Let q(k) = -15*k - 133. Let t be q(-9). Let g(m) = 640*m - 19. Is g(t) composite?
True
Let s = -352 - -10833. Is s composite?
True
Let c(n) = -31*n**3 - 6*n - 6. Let g be 8/(-4) - ((-1 - -4) + -3). Is c(g) a composite number?
True
Let k = 85522 + -59591. Is k a prime number?
True
Suppose 0 = 2*x + 8*b - 3*b - 417053, -6*b - 417064 = -2*x. Is x prime?
True
Suppose 2*w - 3*q = -w + 6858, 0 = -5*w + q + 11438. Suppose -53 = 5*f - w. Is f a prime number?
False
Let k(b) = 101*b**2 + 3*b - 1. Let x = -11 + -40. Let j = 53 + x. Is k(j) a composite number?
False
Let u = -5279 + 10657. Let z = -1735 + u. Is z a composite number?
False
Let u(q) = -79*q + 8. Let j be u(-5). Let g = 196 - j. Let a = 836 + g. Is a composite?
True
Suppose -16 = d + d. Let g(k) = -k**3 + 77*k**2 - 109*k + 116. Let z be g(53). Is z/27 + d/36 composite?
False
Let t be -1*1 - (12 - 59). Let r = t - 46. Is -2*446/(-4) + r prime?
True
Suppose 2*m - 5 = -13, 5*y + 3*m = -12. Suppose 10*l + 0*l - 107090 = y. Is l a composite number?
False
Let p be (-9)/2*(-34)/51. Let x be p*(-6)/(-9)*(-151)/2. Let d = x + 402. Is d prime?
True
Is 1/(((171/2066742)/19)/(4/24)) composite?
False
Suppose 4627*p + 629600 = 4585*p + 1616474. Is p composite?
False
Is -10*((-13314)/18 - 45/54) a composite number?
True
Let n = 8084 + 34047. Is n a prime number?
True
Suppose -3*s - 1 = -c, -s + 17 = -c + 5*c. Let w(p) = 4210*p - 4. Let a be w(s). Suppose 21*u - a = 19*u. Is u a prime number?
False
Suppose -56*n = 271347 - 529423 - 681660. Is n a prime number?
False
Let x(t) = -5*t**2 - 2*t + 27. Let m(r) = 14*r**2 + 5*r - 80. Let l be 6*(-60)/(-27)*(-3)/(-5). Let p(z) = l*x(z) + 3*m(z). Is p(7) prime?
True
Let a(i) be the third derivative of 0*i + 19/8*i**4 + 0 - 13*i**2 - 7/6*i**3. Is a(6) a prime number?
False
Suppose -5*a = -5*r + 155, 9*r + 100 = -4*a + 5*r. Let s be ((-4)/8)/(a/(-32) + -1). Suppose 3*b = -s*n + 4835 - 1690, 2*b = -4*n + 2102. Is b composite?
True
Let u(b) be the second derivative of b**4/12 + 7*b**3/6 + 8*b**2 - 4*b - 6. Is u(-10) composite?
True
Suppose 3*j = j + 5*g + 11, j - 5 = 2*g. Let a(m) = 274*m**2 - 20*m - 7. Let l(s) = -91*s**2 + 7*s + 2. Let r(h) = j*a(h) + 8*l(h). Is r(-3) a prime number?
True
Is -1 + (-10088422)/(-18) + 4/36 prime?
False
Let a = -79 - -136. Let q = -2315 - -2326. Let d = a - q. Is d a composite number?
True
Suppose 8*i = -2*i + 50. Suppose 1 = -l, -2*j = -i*j - 3*l. Is (-3)/(-7) - 5702/(-7)*j a prime number?
False
Let l(s) = -27*s**3 - 36*s**2 + 16*s + 46. Is l(-12) a composite number?
True
Let r be 20220/3 - (0 - -2 - 1). Let p = r - 2057. Let t = p + -3205. Is t a composite number?
True
Is (-2179475)/(-5)*6/30 a composite number?
False
Let h(c) = 251*c - 26. Let a be h(-8). Let w = 950 + a. Is (1/(-2))/(2/w) a composite number?
False
Let a(u) = 56*u + 6. Let b be 11/5 + 28/35. Let z(s) = 57*s + 5. Let t(o) = b*a(o) - 4*z(o). Is t(-6) a composite number?
True
Suppose -114 = -2*w + 4*i + 1548, -5*i + 20 = 0. Is w a composite number?
False
Let u be 0 + 2 + (-45 - -41). Is (-3 + 2073/6)/(u/(-4)) prime?
False
Let y(b) = -b**3 + b**2 + b + 5. Let s(w) be the first derivative of w**4/4 + 5*w**3/3 - w**2/2 - 11*w - 13. Let m be s(-5). Is y(m) composite?
False
Suppose 4*t = 2*j + 427610, 4*t + 31*j - 427638 = 29*j. Is t prime?
False
Suppose w - 32*s + 30*s = 9277, 4*s - 27831 = -3*w. Is w a prime number?
True
Suppose 0*t - 3*u = 2*t - 8, -12 = -3*t - 5*u. Suppose 60 = -2*s + t*s. Let h = s + 56. Is h a composite number?
True
Let w(x) = -20741*x**3 + x - 3. Let i be w(-2). Suppose -10*m - 13023 = -i. Is (-6)/(-14) + m/77 prime?
True
Suppose 7*t - 2*s = 2*t - 1795, 2*t = -s - 727. Let a = t + 641. Let h = a - 177. Is h prime?
True
Let c be (10/(-4))/((-11)/22). Let r(x) = 112*x**2 + 14*x - 27. Is r(c) composite?
False
Is (9109 - (5 + -11)) + 10 + -12 a composite number?
True
Let c = -61 - -63. Suppose -v - 1 + 4 = 2*n, 0 = 2*v + c. Suppose 4*f + 2960 = n*p + 2*p, 4*f - 1510 = -2*p. Is p composite?
True
Let o(y) = 48*y**2 + 23*y + 100. Suppose 60 - 12 = -4*v + 4*d, 4*v + 4*d + 8 = 0. Is o(v) prime?
False
Let y(a) = 48*a - 379. Let p be y(8). Is (4 - p)/((-6)/34206) a prime number?
True
Let k be ((-12)/(-8))/(10/20). Suppose 3*t = -4*l + 7*t + 6472, 0 = -k*l + 5*t + 4844. Is l a composite number?
True
Let r be ((-75)/(-9) + -2)/((-4)/(-12)). Suppose -r*t + 17*t = -4. Is 484 + 0 - t*(-9)/(-6) a prime number?
False
Suppose 24 = -k + 7*k. Is ((-2)/k)/(5/(12560/(-8))) a prime number?
True
Let g = 1731 - 884. Let l = 151 + g. Is l prime?
False
Is (530/70 - 8) + 293156/7 a prime number?
True
Suppose 76*z - 472179 = 1610449. Is z composite?
True
Let d(f) = 100*f**2 - f - 40. Let y(b) = -99*b**2 + 41. Let s(j) = 4*d(j) + 3*y(j). Is s(-6) prime?
False
Suppose -210*z - 1800 = -207*z. Let k = 647 - z. Is k a prime number?
False
Suppose -5*m = -3*v - 254895, -101958 = 31*m - 33*m - 4*v. Is m a prime number?
False
Let s(d) = d**3 + 158*d**2 + 80*d + 459. Is s(-83) a composite number?
True
Let m = -10610 - -15143. Suppose 194*i - m = 191*i. Is i a composite number?
False
Suppose 0 = 2*a - 5*a + 2*g - 3841, a - 2*g = -1275. Let o = 2184 + a. Is o prime?
False
Suppose 2*x + 3*f = 111, 0*x - 4*f + 165 = 3*x. Suppose 7*s - 3*s + 3*a = x, 5*a = 4*s - 43. Suppose -4925 = s*q - 17*q. Is q a composite number?
True
Let x(z) = 911*z - 2. Let l be x(1). Let a = l + -132. Let f = -334 + a. Is f a prime number?
True
Let z be -16 - -20 - (41 - -1). Suppose 5*j = 5*c + 5005, 0*c = 4*c. Let n = j - z. Is n prime?
True
Suppose 352 = 23*k + 47548. Let v = k + 4369. Is v prime?
False
Is ((-320)/24)/10*-3 - -14809 prime?
True
Let x(p) = -8*p - 37. Let r be x(-6). Let f(j) = -4*j**2 - 21*j + 33. Let h(u) = -3*u**2 - 20*u + 32. Let y(s) = 2*f(s) - 3*h(s). Is y(r) composite?
True
Suppose 11*d - 26*d = -135435. Is d a prime number?
True
Is (-3)/2 + (-14)/(-28) + -1 + 282875 composite?
True
Let t = 209379 + -51800. Is t a composite number?
False
Let p = 78 - 60. Let g be 10/(-20) + (-3)/(p/(-21)). Suppose u + 1395 = g*y - 2*u, 3*y = -u + 1411. Is y composite?
True
Suppose 176*u - 607*u + 121657747 = -19209000. Is u prime?
False
Let a(m) = 8*m - 25 + 2*m - 12*m. Let i be a(-15). Suppose -553 - 3982 = -i*r. Is r a prime number?
True
Suppose 135 = q - 46. Suppose -185*a = -q*a - 12404. Is a prime?
False
Suppose -2*y + 3*y = 3*c - 3, 3*c - 3*y = -3. Is c/(-12) + (-25304)/(-192)*4 a prime number?
False
Let b = -560 + 556. Let c(y) = 247*y**2 + 77*y - 1. Is c(b) prime?
True
Let x = 1578 - -4889. Is x composite?
True
Suppose -8*q - 16*q = -q - 29738471. Is q prime?
False
Let j(t) = t + 5. Let i be 0/(-1)*((-10)/(-4) - 2). Suppose -r = -i*r - 9. Is j(r) a prime number?
False
Let j(w) = 5*w**3 - 13*w**2 - 56*w - 637. Is j(51) composite?
True
Let i(q) = -4*q - 31. Let a be i(-9). Suppose a*p - 2355 = 3*d - 8*d, -1876 = -4*p - 2*d. Suppose 0 = 2*x + 5*g - 652, -x - 4*g - 144 = -p. Is x a prime number?
True
Let w be (-12*4/6)/(-2). Suppose -8560 = -w*j + 4*i, 3*i + 8558 = 10*j - 6*j. Is j a prime number?
False
Suppose 1053*s + 1462588 = 1057*s. Suppose 75*g - s = 22*g. Is g a prime number?
True
Suppose -9 = -2*l - 5*w, -35 = -5*l + w + 28. Suppose 0 = -8*m + l*m. Suppose 3*j + m*j - 237 = 0. Is j composite?
False
Let u(f) = 12*f**2 - 19*f - 62. Let x be u(-6). Is x - (1 + 1 + 3) a prime number?
True
Let v = -10 - 8. Let h be 12/54 - 51674/v. Suppose -4*x = 12, 3*x = 4*t + 850 - h. Is t composite?
False
Let f = 136149 - 61975. Is f composite?
True
Suppose -2*l + 7*l - 167510 = 5*t, 5*t - 167510 = -5*l. Suppose -7*d - 12509 = -l. Is d prime?
True
Let v(s) = 5002*s**2 + 266*s + 787. Is v(-3) composite?
False
Is 8/((-56)/(-1055549)) + (7 - (-329)/(-49)) prime?
False
Suppose 3*x - 66141 = -3*r, 18*x + r = 18*x. Is x a prime num